ine x(29).
5
Let f(a) = -a**3 + a**2 - 4. Calculate f(0).
-4
Let w(p) = p**2 + 12*p - 9. Give w(-11).
-20
Let c(n) = 3*n**2 - 6*n - 14. What is c(6)?
58
Let o(h) = -h**2 + 2*h - 9. Determine o(5).
-24
Let p(w) = -2*w**2 - 8*w + 9. What is p(-8)?
-55
Let p(a) = a**2 + 12*a + 6. Determine p(-9).
-21
Let q(z) = 2*z**3 + 3*z**2 + 3*z - 2. Determine q(-2).
-12
Let l(o) = 5*o**3 - o**2. What is l(-1)?
-6
Let p(b) = 12*b**2 + 8. What is p(-2)?
56
Let a(c) = -c**3 + 2*c**2 - 13*c - 14. Determine a(-4).
134
Let f(g) = 7*g**2 - 18*g + 1. What is f(2)?
-7
Let l(r) = r**3 - 4*r**2 - 98*r + 193. Calculate l(2).
-11
Let v(q) = q**2 + 17*q + 29. Calculate v(-17).
29
Let b(y) = -y**3 - 5*y**2 - 4*y + 7. Determine b(-4).
7
Let x(r) = 15*r + 9. Give x(4).
69
Let m(y) = 8*y + 141. Determine m(-23).
-43
Let b(d) = -2*d + 20. What is b(5)?
10
Let a(c) = c**2 + c - 24. Calculate a(0).
-24
Let i(f) = -f**2 - 2*f + 21. What is i(-6)?
-3
Let v(o) = o**3 - 4*o**2 + 5*o - 19. Calculate v(5).
31
Let o(w) = -w**3 - 4*w**2 + 3*w - 17. Calculate o(-5).
-7
Let j(v) = v**3 + 7*v**2 - 30*v + 5. Determine j(-10).
5
Let u(r) = 3*r**2 - 1. What is u(1)?
2
Let b(g) = g**2 - 99*g + 974. Calculate b(88).
6
Let z(j) = j**3 + 7*j**2 - 17*j + 8. Determine z(-9).
-1
Let q(k) = k**3 - 14*k**2 + 12*k - 25. What is q(13)?
-38
Let m(h) = h**3 - 6*h**2 - 5*h + 3. Calculate m(7).
17
Let c(k) = 2*k**2 - 8*k + 12. What is c(2)?
4
Let a(w) = -w**3 - 8*w**2 + 11*w + 12. Determine a(-9).
-6
Let b(h) = h**3 + 11*h**2 + 9*h + 6. Determine b(-10).
16
Let h(u) = 6*u**2 - 27*u - 2. Calculate h(3).
-29
Let m(d) = -2*d**2 + 15*d - 6. What is m(6)?
12
Let g(v) = 44*v**2 - 8*v - 4. Calculate g(-2).
188
Let g(b) = 3*b - 28. Give g(12).
8
Let w(r) = 10*r + 27. Calculate w(-7).
-43
Let z(i) = i**2 - 2*i + 15. What is z(0)?
15
Let s(p) = -p - 3. What is s(1)?
-4
Let t(k) = -k**2 - 8*k - 4. Calculate t(-5).
11
Let r(a) = a**3 + 3*a**2 + 4*a - 6. Calculate r(0).
-6
Let o(x) = 5*x - 178. Calculate o(42).
32
Let q(k) = k**3 - 6*k**2 + 7*k + 1. Calculate q(6).
43
Let l(q) = -6*q. What is l(-5)?
30
Let b(x) = x**3 + 5*x**2 - 11*x - 14. Determine b(-6).
16
Let m(a) = -a + 38. Calculate m(-7).
45
Let t(p) = -p**2 - 14*p - 2. Give t(-14).
-2
Let w(g) = 2*g**3 - g**2 + 11*g + 7. Give w(0).
7
Let h(n) = -n**2 - 9*n + 54. Calculate h(-11).
32
Let z(u) = -u**3 - 5*u**2 + 2*u - 4. Calculate z(-6).
20
Let l(y) = -y**2 - 2*y + 51. Calculate l(-9).
-12
Let t(n) = -3*n**3 + 2*n**2 - n. Calculate t(1).
-2
Let t(b) = -3*b**3 - b**2 - 2*b - 1. Calculate t(-1).
3
Let h(o) = o**2 - 14*o - 35. What is h(16)?
-3
Let w(c) = c**3 - 3*c**2 - 3*c + 6. Determine w(4).
10
Let b(k) = 3*k**2 - 14*k - 5. Determine b(6).
19
Let k(v) = 6*v - 100. Determine k(20).
20
Let x(z) = -z**3 - 6*z**2 + 2*z + 8. Calculate x(-6).
-4
Let u(x) = 2*x + 16. Determine u(-8).
0
Let k(o) = -8*o - 6. What is k(-2)?
10
Let i(c) = -28*c - 2. Determine i(1).
-30
Let y(k) = 2*k**2 - 24*k + 16. Calculate y(11).
-6
Let a(y) = 3*y**3 + 6*y**2 + 3*y + 2. Calculate a(-3).
-34
Let r(t) = -t - 22. What is r(-16)?
-6
Let j(k) = k**2 - 8*k - 24. Calculate j(11).
9
Let f(c) = 2*c**3 - 2*c. Give f(2).
12
Let n(x) = -x**2 + 17*x - 47. Determine n(14).
-5
Let q(l) = 3*l**2 + 4*l - 1. What is q(-4)?
31
Let u(k) = 22*k + 16. Calculate u(-4).
-72
Let j(a) = a**3 + 24*a**2 - 23*a + 58. Determine j(-25).
8
Let g(a) = -4*a**3 - 2*a**2 - 7*a + 8. Calculate g(1).
-5
Let o(m) = -m**3 - m**2 - 3*m - 2. Determine o(-2).
8
Let d(y) = 104*y + 831. What is d(-8)?
-1
Let l(s) = 3*s + 43. Give l(-13).
4
Let d(n) = -n - 7. Calculate d(5).
-12
Let m(k) = 3*k + 27. Calculate m(-11).
-6
Let k(i) = -10*i - 15. What is k(11)?
-125
Let p(r) = -2*r**2 - r + 28. Calculate p(5).
-27
Let r(p) = -p**3 - 2*p**2 + 14*p + 40. Determine r(-3).
7
Let m(r) = r**3 - 6*r**2 - 2*r + 8. Calculate m(6).
-4
Let k(c) = -6*c - 36. Determine k(-7).
6
Let s(t) = -8*t + 6. What is s(2)?
-10
Let y(d) = -d**3 + 5*d**2 + 5*d - 20. Calculate y(3).
13
Let m(x) = -x**2 - 8*x + 3. Calculate m(-7).
10
Let g(l) = -l**2 - 47*l - 133. Determine g(-3).
-1
Let y(q) = -7*q + 52. Determine y(4).
24
Let j(n) = -8*n**2 - n + 12. What is j(3)?
-63
Let k(s) = s**2 - 7*s - 13. Determine k(-8).
107
Let d(w) = -w**3 + 8*w**2 + 19*w - 9. What is d(10)?
-19
Let y(g) = 13*g + 30. Determine y(-7).
-61
Let c(a) = -a**3 + 25*a**2 - 25*a + 31. Determine c(24).
7
Let w(d) = -d**2 + 3*d - 8. What is w(0)?
-8
Let d(p) = p**3 - 2*p**2 - 4*p - 3. What is d(-3)?
-36
Let i(t) = t**3 - 6*t**2 + t + 5. What is i(5)?
-15
Let n(k) = 2*k**2 - 3*k - 1. Calculate n(6).
53
Let f(g) = -2*g**3 - 13*g**2 - 2*g + 7. Give f(-6).
-17
Let v(a) = a**3 - 9*a**2 + 4*a - 11. Determine v(9).
25
Let g(m) = -m + 3. Give g(7).
-4
Let c(a) = -a**3 - 31*a**2 - 109*a - 29. Give c(-27).
-2
Let q(z) = z**3 - 6*z**2 + 7*z + 9. Determine q(4).
5
Let d(l) = l**3 + 11*l**2 + l + 3. Give d(-11).
-8
Let u(v) = -4*v + 27. Calculate u(10).
-13
Let k(f) = f**2 + 15*f + 13. Calculate k(-14).
-1
Let g(q) = q**2 - 3*q - 8. Give g(10).
62
Let s(j) = -j**2 - 10*j - 10. What is s(-11)?
-21
Let n(h) = -h**3 - 3*h**2 + 5*h + 2. Calculate n(-4).
-2
Let o(f) = -f**3 - 35*f**2 + 42*f + 212. Calculate o(-36).
-4
Let f(l) = 12*l - 41. Determine f(3).
-5
Let n(i) = -i**3 - 12*i**2 - 12*i + 2. Give n(-11).
13
Let v(w) = -44*w + 1064. What is v(24)?
8
Let f(t) = 126*t + 249. What is f(-2)?
-3
Let h(k) = -3*k**3 + 4*k**2 + 5*k - 13. Calculate h(3).
-43
Let b(n) = n - 2. Calculate b(4).
2
Let q(y) = -2*y**2 - 11*y + 9. Determine q(-9).
-54
Let c(k) = k**3 - k**2 + k + 45. What is c(0)?
45
Let y(g) = -g**3 - 8*g**2 - 7*g - 3. What is y(-6)?
-33
Let q(b) = -b**2 - 9*b - 40. Determine q(-4).
-20
Let l(m) = m**3 + 58*m**2 - 58*m + 66. Calculate l(-59).
7
Let i(c) = 2*c + 25. Give i(11).
47
Let g(w) = -16*w. What is g(-1)?
16
Let c(k) = -2*k**2 + 28*k + 28. Determine c(15).
-2
Let b(f) = -f**3 + 6*f**2 + 4*f - 8. What is b(6)?
16
Let t(c) = c**3 + 5*c**2 - 7*c. Calculate t(-6).
6
Let u(x) = -3*x**3 - x**2 - 8*x - 7. Determine u(-1).
3
Let b(r) = -2*r**2 + 3*r + 1. Determine b(7).
-76
Let a(u) = 4*u**2 + 11*u - 9. What is a(-4)?
11
Let m(x) = -2*x**3 + 25*x**2 - 13*x - 14. What is m(12)?
-26
Let n(y) = -y**2 + 3*y + 1. What is n(6)?
-17
Let w(j) = j**3 + 4*j**2 - 23*j + 4. Determine w(3).
-2
Let f(m) = m**3 - 3*m**2 - 6*m + 15. Calculate f(5).
35
Let u(z) = -z - 10. What is u(-5)?
-5
Let o(g) = -g**3 - 3*g**2 - g - 6. Calculate o(-4).
14
Let u(x) = x**3 + 6*x**2 + x + 5. What is u(-5)?
25
Let m(s) = s**3 - s**2 + s + 12. Determine m(0).
12
Let m(u) = -78*u**2 + u. Give m(1).
-77
Let n(d) = -2*d**2 + 4*d - 3. Determine n(5).
-33
Let h(s) = 45*s - 16. Determine h(-4).
-196
Let z(y) = 14*y**2 + 2*y + 7. What is z(-3)?
127
Let i(z) = 10*z - 30. What is i(12)?
90
Let q(h) = 3*h - 15. Determine q(11).
18
Let m(q) = -6*q**2 - 3*q + 1. Determine m(-3).
-44
Let i(a) = a**3 + 18*a**2 - 20*a - 12. Give i(-19).
7
Let n(x) = x**3 + 6*x**2 - 7*x. Determine n(-7).
0
Let v(t) = 3*t**3 - 18*t**2 + 2*t - 11. Determine v(6).
1
Let t(r) = -r**2 - 28*r + 31. Give t(-29).
2
Let c(r) = r**3 + 47*r**2 - 11. Calculate c(-47).
-11
Let a(q) = q**3 + q**2 - 19*q - 2. Determine a(-5).
-7
Let o(a) = -2*a**3 + 4*a**2 - 6*a + 6. What is o(3)?
-30
Let i(w) = w**2 - 11*w - 88. Determine i(17).
14
Let z(v) = -v**3 + 6*v**2 - 4*v - 7. Determine z(5).
-2
Let f(c) = -c**2 - 13*c - 6. What is f(-6)?
36
Let n(y) = -2*y**2 + 14*y + 3. Give n(10).
-57
Let t(n) = -n**3 - 18*n**2 - 14*n + 49. Calculate t(-17).
-2
Let m(g) = -g**2 + 11*g + 31. What is m(10)?
41
Let v(f) = f**2 + 25*f + 153. What is v(-13)?
-3
Let c(y) = 4*y**3 - y**2 - 3*y - 1. Give c(-2).
-31
Let c(a) = a**3 + 8*a**2 + 4*a + 7. Determine c(-8).
-25
Let w(j) = -j**3 + 5*j**2 + 5*j - 8. What is w(3)?
25
Let a(o) = -8*o**3 - 2*o**2 + 3*o - 1. Calculate a(1).
-8
Let q(x) = -2*x**2 + 44*x + 17. Calculate q(20).
97
Let q(o) = o + 28. Determine q(-16).
12
Let l(w) = -w - 8. Calculate l(-8).
0
Let u(v) = -3*v - 12. What is u(-6)?
6
Let t(j) = j**2 + 20*j - 227. Calculate t(8).
-3
Let c(a) = 10*a + 9. Determine c(-2).
-11
Let d(i) = 3*i - 55. Calculate d(19).
2
Let x(y) = y**3 - 18*y**2 - 13*y - 28. Calculate x(19).
86
Let k(l) = -3*l**3 - 20*l**2 - 13*l + 3. What is k(-6)?
9
Let j(c) = c**3 - 20*c**